{"id":1060,"date":"2025-03-07T10:24:26","date_gmt":"2025-03-07T09:24:26","guid":{"rendered":"https:\/\/eosab.se\/?page_id=1060"},"modified":"2025-03-07T11:43:50","modified_gmt":"2025-03-07T10:43:50","slug":"kopvillkor","status":"publish","type":"page","link":"https:\/\/eosab.se\/?page_id=1060","title":{"rendered":"K\u00f6pvillkor"},"content":{"rendered":"\n<h2 class=\"wp-block-heading\">Priser<\/h2>\n\n\n\n<p>F\u00f6r samtliga varor och produkter g\u00e4ller Ekstr\u00f6m &amp; S\u00f6ners AB:s, vid tiden f\u00f6r best\u00e4llning\/k\u00f6p, g\u00e4llande prislista. Alla priser anges i SEK och \u00e4r exklusive moms. Vi reserverar oss f\u00f6r pris\u00e4ndringar utom v\u00e5r kontroll och f\u00f6rbeh\u00e5ller oss r\u00e4tten att justera priset d\u00e4refter. Om s\u00e4rskild offert l\u00e4mnats s\u00e5 g\u00e4ller pris och leveransvillkor som angetts i offerten.<\/p>\n\n\n\n<h2 class=\"wp-block-heading\">K\u00f6p<\/h2>\n\n\n\n<p>I butiken \u00e4r det m\u00f6jligt att betala med kort och mot faktura. F\u00f6r att kunna betala mot faktura m\u00e5ste ett konto vara upplagt hos oss. F\u00f6r kontoans\u00f6kan \u00e4r det enklast att ans\u00f6ka via <a href=\"https:\/\/eosab.se\/?page_id=521\" data-type=\"page\" data-id=\"521\">webformul\u00e4ret<\/a> p\u00e5 v\u00e5r hemsida. Efter sedvanlig kreditkontroll och godk\u00e4nnande l\u00e4ggs ett kundkonto upp och ett kundnummer skapas. V\u00e5ra generella betalningsvillkor \u00e4r 30 dagar.<\/p>\n\n\n\n<h2 class=\"wp-block-heading\">Best\u00e4llningar<\/h2>\n\n\n\n<p>Vid best\u00e4llningar uppges leveranstid inf\u00f6r eller vid best\u00e4llning. N\u00e4r godset anl\u00e4nder skickas ett automatiskt sms om att varan finns f\u00f6r upph\u00e4mtning. Ej uth\u00e4mtade varor faktureras efter 14 dagar. I de fall d\u00e4r hemtagningskostnad, d.v.s. frakt fr\u00e5n leverant\u00f6r uppst\u00e5r debiteras faktiskt kostnad.<\/p>\n\n\n\n<h2 class=\"wp-block-heading\">Returbest\u00e4mmelser<\/h2>\n\n\n\n<p>F\u00f6r att kunna godk\u00e4nna en retur f\u00e5r varans leveransdatum ej vara tidigare \u00e4n 90 dagar innan retur. V\u00e5rt f\u00f6ljesedel \/ fakturanummer m\u00e5ste alltid anges vid retur. Varan skall returneras i helt och oanv\u00e4nt skick med tillh\u00f6rande emballage. Avbokning eller \u00e4ndring av gjord best\u00e4llning kan endast ske efter godk\u00e4nnande fr\u00e5n Ekstr\u00f6m &amp; S\u00f6ner AB. Om godk\u00e4nnande inte ges \u00e4r best\u00e4llningen bindande och fullt betalningsansvar f\u00f6religger. Vid retur av best\u00e4lld, ej lagerf\u00f6rd vara, godtas detta endast efter \u00f6verenskommelse. Eventuella returkostnader eller returavdrag fr\u00e5n leverant\u00f6r debiteras i efterhand.<\/p>\n\n\n\n<h2 class=\"wp-block-heading\">Reklamationer<\/h2>\n\n\n\n<p>Vid eventuell reklamation tillhandah\u00e5lls en ny vara mot debitering, som, vid av tillverkaren godk\u00e4nd reklamation, krediteras. Vi f\u00f6rbeh\u00e5ller oss r\u00e4tten att neka reklamation om det \u00e4r uppenbart ett handhavandefel.<\/p>\n\n\n\n<h2 class=\"wp-block-heading\">Frakt<\/h2>\n\n\n\n<p>V\u00e5ra generella fraktvillkor \u00e4r Fritt v\u00e5rt lager exkl. emballage. Vi till\u00e4mpar frakt med Schenker eller budbil om inget annat avtalat.<\/p>\n\n\n\n<h2 class=\"wp-block-heading\">Leveransvillkor<\/h2>\n\n\n\n<p>Vid leverans g\u00e4ller NL17, allm\u00e4nna leveransbest\u00e4mmelser f\u00f6r produkter och maskiner. F\u00f6r mer information se Teknikf\u00f6retagens hemsida <a href=\"https:\/\/www.teknikforetagen.se\/medlemsportalen\/standardavtal\/nl-17\/\" data-type=\"link\" data-id=\"https:\/\/www.teknikforetagen.se\/medlemsportalen\/standardavtal\/nl-17\/\" target=\"_blank\" rel=\"noreferrer noopener\">www.teknikf\u00f6retagen.se<\/a>.<\/p>\n\n\n\n<p><\/p>\n","protected":false},"excerpt":{"rendered":"<p>Priser F\u00f6r samtliga varor och produkter g\u00e4ller Ekstr\u00f6m &amp; S\u00f6ners AB:s, vid tiden f\u00f6r best\u00e4llning\/k\u00f6p, g\u00e4llande prislista. Alla priser anges i SEK och \u00e4r exklusive moms. Vi reserverar oss f\u00f6r pris\u00e4ndringar utom v\u00e5r kontroll och f\u00f6rbeh\u00e5ller oss r\u00e4tten att justera priset d\u00e4refter. Om s\u00e4rskild offert l\u00e4mnats s\u00e5 g\u00e4ller pris och leveransvillkor som angetts i offerten.&hellip;&nbsp;<a href=\"https:\/\/eosab.se\/?page_id=1060\" rel=\"bookmark\">Read More &raquo;<span class=\"screen-reader-text\">K\u00f6pvillkor<\/span><\/a><\/p>\n","protected":false},"author":1,"featured_media":0,"parent":0,"menu_order":0,"comment_status":"closed","ping_status":"closed","template":"","meta":{"neve_meta_sidebar":"","neve_meta_container":"","neve_meta_enable_content_width":"","neve_meta_content_width":0,"neve_meta_title_alignment":"","neve_meta_author_avatar":"","neve_post_elements_order":"","neve_meta_disable_header":"","neve_meta_disable_footer":"","neve_meta_disable_title":"","neve_meta_reading_time":"","footnotes":""},"class_list":["post-1060","page","type-page","status-publish","hentry"],"_links":{"self":[{"href":"https:\/\/eosab.se\/index.php?rest_route=\/wp\/v2\/pages\/1060","targetHints":{"allow":["GET"]}}],"collection":[{"href":"https:\/\/eosab.se\/index.php?rest_route=\/wp\/v2\/pages"}],"about":[{"href":"https:\/\/eosab.se\/index.php?rest_route=\/wp\/v2\/types\/page"}],"author":[{"embeddable":true,"href":"https:\/\/eosab.se\/index.php?rest_route=\/wp\/v2\/users\/1"}],"replies":[{"embeddable":true,"href":"https:\/\/eosab.se\/index.php?rest_route=%2Fwp%2Fv2%2Fcomments&post=1060"}],"version-history":[{"count":3,"href":"https:\/\/eosab.se\/index.php?rest_route=\/wp\/v2\/pages\/1060\/revisions"}],"predecessor-version":[{"id":1065,"href":"https:\/\/eosab.se\/index.php?rest_route=\/wp\/v2\/pages\/1060\/revisions\/1065"}],"wp:attachment":[{"href":"https:\/\/eosab.se\/index.php?rest_route=%2Fwp%2Fv2%2Fmedia&parent=1060"}],"curies":[{"name":"wp","href":"https:\/\/api.w.org\/{rel}","templated":true}]}}